*t/(-3) is divided by 13?
10
Let q = 63 - -24. What is the remainder when q is divided by 31?
25
Let l be (-82)/(-6)*(13 + 2). Calculate the remainder when ((-333)/(-45))/(2/10) is divided by l/15 + 2/(-3).
11
Let k(z) = 35*z**2 - z + 1. Let f(d) = d + 6. Let b be f(-5). What is the remainder when k(b) is divided by 12?
11
Suppose 3*n - 22 = 29. Let a(q) = -q**2 + 7*q - 6. Let u be a(5). Suppose u*s - n = 3. What is the remainder when 8 is divided by s?
3
Let t(a) = -33*a - 1. What is the remainder when t(-1) is divided by 11?
10
Let t = -58 - -100. Calculate the remainder when t is divided by 9.
6
Let o(g) = -g**3 + 8*g**2 - 5*g - 4. Let s(q) = 0*q + 5 + 3*q**2 - 2*q**2 + 2*q. What is the remainder when o(6) is divided by s(-4)?
12
Suppose -4*z - l = -6*l - 37, -21 = -3*z - 3*l. What is the remainder when 30 is divided by z?
6
Let z(d) = d**3 - 6*d**2 + 2*d - 2. What is the remainder when 39 is divided by z(6)?
9
Let m(n) = -n + 4. Suppose -4*z - z = 0. Let l be m(z). Suppose -2*i - l*t = -i - 24, t = 3*i - 7. Calculate the remainder when 6 is divided by i.
2
Suppose -i + 5*p = -2*i - 7, i = 3*p + 33. Let b = -9 + 19. Let w = i - b. Calculate the remainder when 14 is divided by w.
6
Suppose 0 = -2*x + 2 + 2. Let b = x + 41. Calculate the remainder when b is divided by 15.
13
Let l be 3*(40/(-12))/(-5). Let q be (-60)/(-14) - 2/7. Suppose -q*i - 14 = -2*r, -4*r + 5*i - l*i + 53 = 0. What is the remainder when 50 is divided by r?
16
Let y(v) be the second derivative of v**5/20 - v**4/3 - v**3/2 + v**2/2 + 2*v. What is the remainder when y(5) is divided by 7?
4
Suppose 5*a - 3*l = 34, 0*l - 6 = -3*a - 3*l. Suppose -a*o = -8*i + 3*i + 70, 5*i = -5*o + 30. Calculate the remainder when 38 is divided by i.
8
Let j = 9 - -7. Calculate the remainder when 31 is divided by j.
15
Let h(r) = -264*r**3 - r**2 + r. Let i be h(1). Suppose -19 = -q + 4*s + s, 2*s = -4*q + 120. Calculate the remainder when q is divided by i/(-27) + 4/18.
9
Let m(d) = -19*d - 12. Calculate the remainder when m(-5) is divided by 23.
14
Suppose 28 + 20 = 3*u. Calculate the remainder when 28 is divided by u.
12
Suppose -5*g + 9 = -61. What is the remainder when 27 is divided by g?
13
Let d(h) = h + 54. What is the remainder when d(-24) is divided by 28?
2
Suppose -4*n + 263 - 91 = 0. Suppose 0 = 4*r + 5*f - 107, 16 = 2*r + 4*f - 42. Calculate the remainder when n is divided by r.
20
Suppose 172 = 10*x - 6*x. Calculate the remainder when x is divided by 11.
10
Let s(w) be the third derivative of w**6/120 - 2*w**5/15 + w**4/4 - 4*w**3/3 + 2*w**2. Calculate the remainder when s(8) is divided by 11.
7
Let o(p) = p**3 - 6*p**2 + 4*p. Calculate the remainder when o(6) is divided by (2*13)/(2*1).
11
Suppose -2*s = -6*s + 12. Suppose -2*g + f = s*g - 105, 4*g - 84 = -5*f. Calculate the remainder when 40 is divided by g.
19
Suppose 2*i = i - 34. Let o = i - -124. Calculate the remainder when o is divided by 23.
21
Let h(k) = k**3 + k + 4. Let d be h(0). Suppose 18 = 7*v - d*v. Let p = 46 + v. Calculate the remainder when p is divided by 18.
16
Let t(b) = 2*b**2 - 7*b - 2. Suppose -3*r = -4*r + 2. Suppose w = 3*d - w - 55, -d - r*w + 5 = 0. Calculate the remainder when t(6) is divided by d.
13
Suppose 9 = -0*a - a - 4*u, 0 = -4*a + 5*u + 6. Let t be a*1*5/1. Let d(g) = -14*g - 2. What is the remainder when d(t) is divided by 23?
22
Let n = 143 - 83. What is the remainder when 114 is divided by n?
54
Suppose 3*h + 2 = 5. Let z(q) = -q + 1. Let t be z(3). What is the remainder when 2*1 - t/(-2) is divided by h?
0
Suppose -o - 2*p = p - 22, -58 = -3*o - 5*p. What is the remainder when o is divided by 6?
4
Suppose 12*i - 396 = 60. What is the remainder when i is divided by 23?
15
Let d = 151 - 93. Calculate the remainder when d is divided by 15.
13
Suppose 2*v - 77 = 5*f, 4*v - 100 = f + 63. Calculate the remainder when v is divided by 12.
5
Let g(z) = -9*z + 5. Calculate the remainder when g(-10) is divided by 16.
15
Let f be -39*2/(2/(-9)). Suppose -5*o = -f + 51. What is the remainder when o is divided by 21?
18
Let t = -23 - -43. Let g be (-1 + 4)/(-3) + t. Let x = g + -13. What is the remainder when 10 is divided by x?
4
Suppose 2 + 10 = 3*r. Let b = -3 + r. Let n = b + 15. Calculate the remainder when 30 is divided by n.
14
Let a(p) = -2*p - 9. Suppose -h = -m - 36 + 8, -2*m + 59 = 3*h. Suppose 4*k + h = -9. What is the remainder when a(k) is divided by 4?
3
Let k(f) = -f + 35. What is the remainder when 1/((-2)/(-78)) - 0 is divided by k(25)?
9
Let l(r) = -12*r + 1. Suppose 4 = -2*m + 2. Calculate the remainder when 50 is divided by l(m).
11
Let f(r) = -9*r + 17. Let c(u) = -4*u + 9. Let z(n) = 11*c(n) - 6*f(n). What is the remainder when z(8) is divided by 26?
25
Suppose w - 5*j - 24 = 0, 3*j - 10 = -2*j. Suppose -2*m = -3*m + 2. Calculate the remainder when w/6 - 8/12 is divided by m.
1
Let b = -167 - -249. Calculate the remainder when b is divided by 21.
19
Let k(h) = 25*h - 9. Let z(w) = -8*w + 3. Let m(a) = 3*k(a) + 8*z(a). Let q be m(-4). Let o = -28 - q. What is the remainder when 56 is divided by o?
18
Let k(m) = -m**2 + 13*m + 16. What is the remainder when k(13) is divided by 9?
7
Let q(u) be the third derivative of u**6/15 - u**5/60 - u**4/12 + u**3/2 + 4*u**2. What is the remainder when q(2) is divided by 15?
14
Calculate the remainder when (1*-3)/((-15)/200) is divided by -1 + (66/3)/1.
19
Suppose 0 = 3*q - 3*u - 66, 4*q = -2*u + 18 + 52. Suppose -3*o = -6*n + 5*n - 223, -280 = -4*o - 3*n. Calculate the remainder when o is divided by q.
16
Calculate the remainder when 2*162/32 + (-14)/112 is divided by 9.
1
Let a(p) = p**3 + 8*p**2 + 4*p - 4. Let w be a(-5). Let o = w - 31. Let r = -43 - -81. Calculate the remainder when r is divided by o.
18
Calculate the remainder when 14 is divided by (-9)/(-3) - 0 - -5.
6
Suppose -4*h - 21 + 5 = 0. What is the remainder when 49 is divided by ((-26)/4)/(h/8)?
10
Let c be (-8)/(34/(-16) - -2). Suppose 3*d - c = -4*r, -3*d - 23 - 8 = -r. Calculate the remainder when 37 is divided by r.
18
Suppose -79 + 4 = -5*r. Suppose 4*d - 5*o = -d - r, 15 = 3*o. Calculate the remainder when (d - 34/4)*-2 is divided by 5.
3
Suppose 0 = -5*m + 8 + 37. What is the remainder when 62 is divided by m?
8
Suppose 3*t - t = 12. Let s(c) = 9*c + 27. Calculate the remainder when s(-2) is divided by t.
3
Suppose -5*y + 73 = -4*w + 3*w, -45 = -3*y + w. Calculate the remainder when y is divided by 4.
2
Suppose -9*j - 16 = -5*j. What is the remainder when j/(-6) + (-333)/(-27) is divided by 5?
3
Let b = 147 + -112. What is the remainder when b is divided by (-111)/(-9) - 2/6?
11
Calculate the remainder when -5 + 2 + (44 - 1) is divided by 11.
7
Let c(f) be the third derivative of f**4/24 + f**3/6 + 7*f**2. What is the remainder when 34 is divided by c(11)?
10
Suppose -64 = -2*n + n. Calculate the remainder when n is divided by (13/5)/(2/10).
12
Let o = -4 - -9. Suppose o*x - 116 + 31 = 0. Calculate the remainder when x is divided by 9.
8
Let t(q) = -2*q**3 + q**2 + q + 1. Calculate the remainder when t(-4) is divided by 13.
11
Suppose 2*d + 34 = -4*j, -j = -3*d - 19 - 4. Let p = -5 - d. Suppose 0 = 4*v - p. What is the remainder when 1 is divided by v?
0
Suppose -4*l + 3*n + 35 = 0, 0*n + 4*n - 1 = l. Calculate the remainder when 18 is divided by l.
7
Let g = -3 - -7. What is the remainder when (-3 + (-51)/(-15))*50 is divided by g/(-6) + 35/3?
9
Let o = 165 + -98. Calculate the remainder when o is divided by 17.
16
Suppose -w - 2*w = -18. Calculate the remainder when -7*(-3)/(w/4) is divided by 8.
6
Suppose 0 = -5*x - 26 - 119. Let q = x + 40. Suppose 11*k - 60 = 8*k. What is the remainder when k is divided by q?
9
Suppose 0 = -5*m + 2*h + 135, 2*m - 4*h - 54 = -0*h. Calculate the remainder when m is divided by 7.
6
Let p(n) = 18*n**3 - 4*n**2 + 3*n - 1. Calculate the remainder when 61 is divided by p(1).
13
Let d(u) = -u**2 - 9*u - 14. Calculate the remainder when 9 is divided by d(-6).
1
Let l(j) = -3 + 2 - j**3 - 8*j + 8*j**2 + 1 - 6. What is the remainder when l(6) is divided by 7?
4
Suppose 6*s - 14 = 10. Let v be 3 + (0 - (4 - 2)). Suppose 5*y - 53 = c, 2*c + c - v = -y. What is the remainder when y is divided by s?
2
Let s be (4 + 0 + 2)/2. Suppose s*y = 